s of 476217246?
2, 3, 3313, 23957
List the prime factors of 811878717.
3, 13, 20817403
What are the prime factors of 38811406?
2, 19405703
What are the prime factors of 54302889?
3, 167, 283, 383
List the prime factors of 3075978476.
2, 19, 523, 4073
What are the prime factors of 131384534?
2, 17, 103, 37517
What are the prime factors of 73827884?
2, 13, 23, 61729
What are the prime factors of 33398050?
2, 5, 7, 37, 2579
List the prime factors of 108103493.
17, 97, 65557
List the prime factors of 6237845301.
3, 2137, 972991
What are the prime factors of 628960801?
7, 1367, 65729
List the prime factors of 13743663.
3, 4581221
List the prime factors of 88404404.
2, 11, 2009191
List the prime factors of 188272111.
1511, 124601
List the prime factors of 58820441.
131, 449011
What are the prime factors of 601248807?
3, 66805423
What are the prime factors of 30993441?
3, 10331147
List the prime factors of 234882413.
71, 3308203
What are the prime factors of 3349646170?
2, 5, 13, 17, 23, 65899
List the prime factors of 6584624.
2, 23, 29, 617
What are the prime factors of 24553969?
11, 2232179
What are the prime factors of 41129528?
2, 11, 17, 19, 1447
List the prime factors of 101440853.
17, 5967109
What are the prime factors of 255538736?
2, 15971171
List the prime factors of 299668790.
2, 5, 29966879
List the prime factors of 72026111.
29, 2483659
What are the prime factors of 5225236769?
53, 98589373
What are the prime factors of 475158229?
7, 13, 1373, 3803
What are the prime factors of 20582957?
293, 70249
List the prime factors of 181153690.
2, 5, 113, 160313
What are the prime factors of 73630938?
2, 3, 59, 207997
What are the prime factors of 161299076?
2, 31, 107, 12157
List the prime factors of 4955193367.
15439, 320953
What are the prime factors of 2878521740?
2, 5, 31, 149767
What are the prime factors of 537113343?
3, 13, 2473, 5569
List the prime factors of 515168812.
2, 19, 23, 199, 1481
What are the prime factors of 17076300?
2, 3, 5, 56921
List the prime factors of 2185107427.
17, 101, 1272631
List the prime factors of 1381153676.
2, 7, 49326917
List the prime factors of 4216934224.
2, 101, 2609489
What are the prime factors of 113380014?
2, 3, 11, 1033, 1663
List the prime factors of 747792206.
2, 7, 97, 550657
List the prime factors of 1908164880.
2, 3, 5, 2650229
What are the prime factors of 125856984?
2, 3, 11, 17, 29, 967
What are the prime factors of 38515295?
5, 7, 13, 84649
What are the prime factors of 10230762?
2, 3, 1705127
List the prime factors of 871004740.
2, 5, 43550237
List the prime factors of 105188019.
3, 43, 815411
List the prime factors of 1007827103.
1007827103
What are the prime factors of 623760005?
5, 11, 17, 667123
List the prime factors of 437434853.
19, 23022887
List the prime factors of 97750142.
2, 7, 6982153
List the prime factors of 47366631.
3, 13, 404843
List the prime factors of 474275389.
7, 97, 698491
List the prime factors of 4292481058.
2, 293, 7325053
What are the prime factors of 3314704935?
3, 5, 71, 3112399
List the prime factors of 85819424.
2, 2681857
List the prime factors of 11524492.
2, 7, 411589
List the prime factors of 342099456.
2, 3, 283, 787
What are the prime factors of 422055230?
2, 5, 41, 1029403
What are the prime factors of 170002880?
2, 5, 19, 27961
What are the prime factors of 627632823?
3, 209210941
What are the prime factors of 335137389?
3, 111712463
What are the prime factors of 1504282108?
2, 7, 53724361
List the prime factors of 1383082435.
5, 7, 53, 487, 1531
What are the prime factors of 110779793?
8269, 13397
What are the prime factors of 122985272?
2, 61, 151, 1669
List the prime factors of 278756780.
2, 5, 23, 605993
What are the prime factors of 68734781?
31, 2217251
What are the prime factors of 13314238?
2, 7, 457, 2081
What are the prime factors of 1955573485?
5, 391114697
What are the prime factors of 22048444?
2, 11, 23, 21787
What are the prime factors of 117651616?
2, 1777, 2069
List the prime factors of 159644160.
2, 3, 5, 13, 41
List the prime factors of 2494185498.
2, 3, 7, 17, 1164419
List the prime factors of 1007075485.
5, 13, 15493469
What are the prime factors of 403915577?
13, 2390033
List the prime factors of 56435628.
2, 3, 71, 66239
What are the prime factors of 3639483044?
2, 909870761
What are the prime factors of 89636180?
2, 5, 269, 16661
What are the prime factors of 72487059?
3, 1609, 15017
List the prime factors of 263122503.
3, 7, 37, 6911
List the prime factors of 1085849115.
3, 5, 13, 43, 129499
List the prime factors of 1942904243.
7, 1753, 22619
List the prime factors of 5141711756.
2, 43, 29893673
What are the prime factors of 317326171?
37, 8576383
What are the prime factors of 106776361?
106776361
List the prime factors of 111666407.
37, 47, 157, 409
What are the prime factors of 30621539?
13, 17, 138559
What are the prime factors of 1865346145?
5, 13, 61, 470453
List the prime factors of 901393276.
2, 7, 23, 1399679
List the prime factors of 85342884.
2, 3, 11, 646537
What are the prime factors of 266677643?
266677643
What are the prime factors of 425164311?
3, 11, 13, 19, 17387
List the prime factors of 82762195.
5, 19, 871181
What are the prime factors of 1068818258?
2, 29, 41, 47, 73, 131
What are the prime factors of 18310427?
18310427
What are the prime factors of 138574321?
71, 149, 13099
What are the prime factors of 36731747?
13, 17, 166207
List the prime factors of 6825148553.
797, 863, 9923
What are the prime factors of 9867038303?
9867038303
List the prime factors of 140097303.
3, 89, 173, 337
What are the prime factors of 69902686?
2, 7, 4993049
What are the prime factors of 979157116?
2, 7, 61, 573277
What are the prime factors of 3501313831?
829, 4223539
List the prime factors of 694493127.
3, 77165903
List the prime factors of 400054038.
2, 3, 66675673
List the prime factors of 343505091.
3, 61, 1877077
List the prime factors of 1514909332.
2, 14713, 25741
What are the prime factors of 244794898?
2, 19, 181, 35591
List the prime factors of 1473699851.
13, 5381, 21067
What are the prime factors of 3325889537?
17, 41, 97, 49193
List the prime factors of 244313665.
5, 48862733
What are the prime factors of 88319104?
2, 239, 2887
List the prime factors of 125180126.
2, 2309, 27107
List the prime factors of 376993152.
2, 3, 327251
List the prime factors of 2128747358.
2, 541, 1967419
List the prime factors of 846214246.
2, 13151, 32173
What are the prime factors of 157391084?
2, 149, 181, 1459
What are the prime factors of 242408750?
2, 5, 53, 3659
List the prime factors of 1722431601.
3, 11, 337, 17209
List the prime factors of 1997523635.
5, 2789, 143243
List the prime factors of 201909418.
2, 5581, 18089
List the prime factors of 3094709974.
2, 31, 271, 184187
What are the prime factors of 18215530?
2, 5, 1821553
What are the prime factors of 35060381?
35060381
What are the prime factors of 6148719?
3, 271, 2521
List the prime factors of 1585881205.
5, 71, 4467271
List the prime factors of 739573322.
2, 1987, 186103
What are the prime factors of 186124876?
2, 7, 6647317
What are the prime factors of 333399295?
5, 66679859
What are the prime factors of 1297003253?
7, 13, 17, 838399
List the prime factors of 586960356.
2, 3, 48913363
List the prime factors of 87686978.
2, 397, 110437
List the prime factors of 44469909.
3, 11, 17, 26423
What are the prime factors of 539868529?
539868529
What are the prime factors of 29319620?
2, 5, 11, 133271
List the prime factors of 59743026.
2, 3, 7, 474151
What are the prime factors of 810692847?
3, 30025661
What are the prime factors of 1506587240?
2, 5, 887, 42463
What are the prime factors of 93485087?
23, 59, 68891
What are the prime factors of 27751361?
11, 17, 148403
What are the prime factors of 51090850?
2, 5, 67, 101, 151
List the prime factors of 33102086.
2, 16551043
What are the prime factors of 1337901028?
2, 334475257
What are the prime factors of 42289506?
2, 3, 7, 17, 6581
List the prime factors of 98554166.
2, 2137, 23059
What are the prime factors of 9813066?
2, 3, 37, 44203
List the prime factors of 5549592049.
223, 24886063
What are the prime factors of 568393538?
2, 17, 16717457
What are the prime factors of 44636045?
5, 109, 81901
List the prime fact